l(j) = -11*j - 59. Let w(q) = -11*q - 58. Let b(c) = -7*l(c) + 6*w(c). Let i(o) = -2*o. Let u(y) = -b(y) + 4*i(y). List the prime factors of u(-5).
2, 3, 5
Let f(c) = 3*c**2 + 12*c + 19. Let l be 5 + -3 - 5/((-10)/4). Let h(p) = -p - 3. Let j be h(l). What are the prime factors of f(j)?
2, 41
Let g(i) = -81*i + 59. Suppose -3*p = -3*y + 27, 9*p - 4*p + 4*y = 0. List the prime factors of g(p).
383
Suppose y = 2 - 6. Let w be -2*(y - -2) - 69. List the prime factors of (-44)/36 + 1 - w/9.
7
Let t(a) = -7*a**2 - 32*a + 33. Let r(d) = -d**2 + d + 2. Let q(g) = -6*r(g) + t(g). List the prime factors of q(-30).
3, 29
Let y = -224 + 275. Suppose -2*k = 2*k - 2*u + 8, -20 = -4*k - 5*u. Suppose k = -2*l + y + 77. List the prime factors of l.
2
Suppose 2*d + 2 = 2*r + 12, 3*d + 6 = -4*r. Suppose 2*w = -w - 4*c - d, w - 3*c - 21 = 0. Suppose -12*j = -w*j - 876. List the prime factors of j.
2, 73
Let r(b) be the third derivative of b**5/12 + 5*b**4/3 - b**3 - 55*b**2. List the prime factors of r(12).
2, 3, 199
Let a(h) = -25*h - 23. Let i be a(3). Let j = i + 155. List the prime factors of j.
3, 19
Let l(s) = -15*s - 3. Let v(m) = m + 9. Let j be v(-12). Let t be l(j). Suppose -36*r + t*r - 300 = 0. What are the prime factors of r?
2, 5
Let m(q) = -3*q**2 + 43*q + 82. Let p be m(16). Let j be (98/(-3))/((-1)/6). Suppose -p*b + 9*b = j. List the prime factors of b.
2, 7
Suppose 92 = 9*y - 79. Suppose -5*h - 21*w + y*w = -1501, 885 = 3*h - 4*w. List the prime factors of h.
13, 23
Let g = 1466 + 1599. Let o = g - 2025. What are the prime factors of o?
2, 5, 13
Let b = 10556 - 6231. What are the prime factors of b?
5, 173
Let u be 1/(-4) - (-108)/(-16). Let t(n) = n**2 + 5*n - 9. Let o be t(-8). Let h = u + o. List the prime factors of h.
2
Let x = -467 - -431. Let v be (-4621)/2 - (-3)/6. What are the prime factors of v/x - (-1)/(-6)?
2
Suppose -4*n - 53 = -8*n - 5*o, 2*n - 4*o + 6 = 0. Let t(k) = -89 + n*k + 39 + 19. List the prime factors of t(19).
2, 3, 17
Let f(x) = x**3 - 62*x**2 + 29*x - 205. List the prime factors of f(68).
3, 1093
Let s(x) = -16*x**3 - 5*x**2 - 16*x - 42. Suppose 0 = -13*w + 6*w - 28. List the prime factors of s(w).
2, 3, 7, 23
Suppose 2384808 = 132*i - 3194172. List the prime factors of i.
5, 79, 107
Let i(d) = -884*d + 1026. What are the prime factors of i(-3)?
2, 3, 613
Suppose -16533 = -2*u + 3*r + 3497, 20030 = 2*u + 8*r. List the prime factors of u.
5, 2003
Suppose 0 = 5*h - a - 15 - 5, 0 = -5*h - 2*a + 20. Suppose l = -5*b + 93, -h*l + 387 = 4*b + b. Let w = l - 33. List the prime factors of w.
5, 13
Let a(w) be the third derivative of -11*w**2 - 1/12*w**5 + 3/2*w**3 - 1/20*w**6 + 0*w + 0 + 1/24*w**4. List the prime factors of a(-3).
3, 41
Let p(w) = 2*w**3 + 28*w**2 - 58*w - 114. Let s(u) = u**3 + 14*u**2 - 28*u - 57. Let r(j) = 2*p(j) - 5*s(j). List the prime factors of r(-16).
5, 37
What are the prime factors of ((-121)/33)/(14/(-17220))?
2, 5, 11, 41
Suppose 3*a = -3*a + a. Suppose -2*c - 4*v + 2084 = a, -4*v = -9 - 11. What are the prime factors of c?
2, 3, 43
Let v = 49 + -43. Let p(i) = -v*i + 9*i - 3*i**2 - 14*i - 3. What are the prime factors of p(-3)?
3
Let i(m) = -95*m - 12. Let n(v) = -94*v - 11. Let d(o) = 2*i(o) - 3*n(o). What are the prime factors of d(3)?
3, 5, 19
Let l(j) = 6*j + 242. Let v be l(-40). Suppose 0 = -v*t + 4*t - 860. List the prime factors of t.
2, 5, 43
Let l(a) be the second derivative of -a**5/20 - 5*a**4/6 - 5*a**3/2 + 19*a**2/2 - a. Suppose 127 - 7 = -15*v. What are the prime factors of l(v)?
11
List the prime factors of (-854027)/(-219) + (0 + 15/(-9) - -1).
7, 557
Suppose 17 = 5*p - 4*b - 39, 0 = 4*p + 5*b - 12. Let l be 3/2*p/6 - -3. Suppose -l*m = 3*m - 584. List the prime factors of m.
73
List the prime factors of (3*(-1)/(-3))/(12 + 356244/(-29688)).
2, 1237
Let g(f) = 4*f + 94. Let r be 28 - (0/1 + (-6)/(-6)). List the prime factors of g(r).
2, 101
Let t be 43 - (4 + -2 + -1). Suppose -2*p - k + 0*k = 52, -3*p - 4*k - 73 = 0. Let i = t + p. What are the prime factors of i?
3, 5
Let p(c) = c**3 - 7*c**2 - 13*c + 5. Let d be p(9). Let j = 54 - d. Suppose j*x - 138 = x. What are the prime factors of x?
2, 23
Let w be (-2)/6*-3*269. Suppose 4*h + v + 0*v - w = 0, 64 = h - 3*v. What are the prime factors of h?
67
Let k = -339 + 170. What are the prime factors of ((-13)/(k/104))/(2/368)?
2, 23
Suppose -3*t - 3*p - 66 = 0, 6*t + 30 = 5*t + 3*p. List the prime factors of (-911)/(-3) - t/(-36).
3, 101
Suppose 40 = 2*x - u - 5, 0 = -u - 5. Let g = 12 + -7. Suppose x = 2*j + 4*v, j + v = g*v + 10. List the prime factors of j.
2, 5
Suppose 3*o + 380 - 56 = 0. Let g = o - -189. What are the prime factors of g?
3
Suppose 454*l - 30*l = 8262064. List the prime factors of l.
2, 9743
Let j(x) = -x**2 + 13*x - 20. Let h be j(2). Suppose 0 = -2*p + h*a + 820, 2*a - 2055 = -5*p + 6*a. List the prime factors of p.
5, 83
Let r = -34 - 2. Let j = -40 - r. List the prime factors of (76/28 - j/14) + 2.
5
Suppose -2*r - 20 = -32. Let z(l) = 5*l**2 - 5*l - 10. What are the prime factors of z(r)?
2, 5, 7
Let a = 51 + -56. Let t be (-60)/(-24)*(-1 + (-9)/a). Suppose -f + 745 = 4*p, 6*p - 941 = p + t*f. What are the prime factors of p?
11, 17
Let x(w) = -181*w**2 + 5*w - 3. Let u(v) = v**2 - 4*v + 1. Let h(i) = -u(i) - x(i). What are the prime factors of h(3)?
1619
Let r be 3 + 60/(-16) + (-13)/4. Let d be r/6 + 55/15. Suppose 2*f + o = 187, -d*f - 2*o + 203 = -77. List the prime factors of f.
2, 47
Let j(c) = 2*c - 9. Let v be j(4). Let w be (1 - v/(-1))/(-1 - -4). Suppose 58 = 2*a + 2*i, w = 3*i - 1 - 8. List the prime factors of a.
2, 13
Suppose 4*g - 4*v + 689 = -379, 0 = 4*g - 2*v + 1076. Let a = g + 571. List the prime factors of a.
2, 3, 5
Let s(k) = 4202*k**2 + 3*k. Let f be s(1). Suppose 20*g - f - 15535 = 0. What are the prime factors of g?
3, 7, 47
Suppose 0 = 159*q - 161*q + 6. Suppose -q*l - 2*l = -20, g - 4*l - 359 = 0. What are the prime factors of g?
3, 5
Let n(r) = -2*r**3 + 4*r**2 + 3*r + 21. Let f be n(5). Let g(d) = -6*d**3 + d**2 + d - 1. Let a be g(-3). Let t = a + f. List the prime factors of t.
53
Suppose 83*c + 8*c - 23*c = 1968124. What are the prime factors of c?
103, 281
Let u(w) = 4*w**2 + 56*w + 1270. What are the prime factors of u(-24)?
2, 5, 223
Suppose 5*b + 21087 = 3*s, s + 189 = b + 7220. What are the prime factors of s?
2, 3517
Let n(x) be the first derivative of -x**5/60 + 7*x**4/24 + 5*x**3/2 + 5*x**2 + 13. Let h(v) be the second derivative of n(v). List the prime factors of h(8).
7
Suppose -2*c - 126430 = -2*j, 955*c = -2*j + 965*c + 126486. List the prime factors of j.
2, 7901
Let v be ((-120)/(-21) - (-4)/14) + -1. Suppose -4*q + v = u - 46, 0 = 2*q - 10. List the prime factors of u.
31
Let p(i) = 4*i**2 - 9*i - 2. Let h be p(-7). Let g be 2*(-4)/12*-6. Suppose -g*q = -0*q + m - 330, -3*q + 4*m = -h. What are the prime factors of q?
83
Let p be (-35)/10*2 - 3. Let v = 15 + p. Suppose 0 = d - v, -c - 4*d + 14 = -3*c. List the prime factors of c.
3
Let w be -1*((-7 - -2)*-11 - 3). Let x = -43 - w. Suppose -x*o = 2*o - 693. List the prime factors of o.
3, 7
Let l(u) = 410*u - 414*u + 1 - 10*u**2 + 7. Let y be l(-4). Let n = 39 - y. List the prime factors of n.
5, 7
Suppose -4*o + 127048 = -4*d, 57*d = -3*o + 52*d + 95230. What are the prime factors of o?
3, 5, 29, 73
Suppose 8*m - 5*m - 1472856 = 0. List the prime factors of 2/(-18) + m/504.
2, 487
Let d(j) = 68*j + 3519. List the prime factors of d(85).
17, 547
Let t = -1 + 5. Suppose t*k = 2*k + 20. Let g(b) = b**3 - 9*b**2 - 5*b + 24. What are the prime factors of g(k)?
2, 37
Let o(i) = 2*i**2 - 99*i - 940. List the prime factors of o(-44).
2, 911
Let p be ((-27)/6)/((-10)/(-20)). Let t be (-3)/p*(6/1 + -3). What are the prime factors of (-185*t + 1)/(-33 + 31)?
2, 23
List the prime factors of (-2 + -651)/((-5 - (-258)/52)*2).
13, 653
Suppose 3*f + r = 251585, -3*f + 4*r + 328814 = 77209. List the prime factors of f.
13, 6451
Let v(c) = 2*c**2 + 3*c + 16. Let y be v(-4). Suppose 0 = -2*l - y + 984. List the prime factors of l.
2, 3, 79
Let t(w) = -2*w**2 - 88*w - 46. List the prime factors of t(-8).
2, 5, 53
Let r = 2669 - -502. List the prime factors of r.
3, 7, 151
Suppose 34*g = 37*g - 261. Let h(b) = 9*b + 14 - g*